 is the tens digit of v?
2
Let m = -96 + 122. What is the tens digit of m?
2
Suppose 0 = c - 4*c + 3. Let r = c - 4. What is the units digit of (r/(-2))/(12/224)?
8
Suppose 89*o = 262875 - 74818. What is the thousands digit of o?
2
Let t be 179/(-5) + (-1)/5. Let n be (14/8)/(3/t). Let r = 25 + n. What is the units digit of r?
4
What is the units digit of 2/(-12) - 50/(-12) - -244?
8
Suppose -4685 = -4*x + t, -15*t + 13*t = 3*x - 3500. What is the tens digit of x?
7
Suppose -5*b - 2*t = -0*t - 7220, -5753 = -4*b + 3*t. What is the thousands digit of b?
1
What is the tens digit of (2650/(-212))/(10/(-28))?
3
Suppose 5*n + 5*l = 55, 5*n - 3*l - 21 = 42. What is the tens digit of n?
1
Let q = 3 - 1. Suppose 4*i - 3*w - 145 = 0, -q*i - 19 = 3*w - 96. What is the units digit of i?
7
Let g(c) = -2 - 3*c**2 - 13*c**3 + 5*c + c + 14*c**3. Let z = 10 + -7. What is the tens digit of g(z)?
1
Let v(n) = -3*n + 235. What is the units digit of v(-23)?
4
Let n = 19 + -20. Let f be -2 - -40 - (n + 2). Suppose 0 = -2*x + f - 13. What is the tens digit of x?
1
Let z(q) = 3001*q + 74. What is the tens digit of z(1)?
7
Let q(o) = -o**2 + 22*o + 4. Let t be (153/85)/(2/10). Let w be q(t). Suppose 0 = 3*j - 4*a - w, 7*a = -5*j + 3*a + 191. What is the units digit of j?
9
Let v be 0 + (-12)/(-4) + 0. Suppose -q - 4 = 0, 0*p - v*q - 22 = -2*p. Suppose p*z + 12 = 77. What is the tens digit of z?
1
Let q(i) = -i**3 - 8*i**2 - 13*i - 7. Let p be q(-6). Let u be 1 + 1 + 0/p. What is the units digit of u/(-7) - 222/(-42)?
5
Let f be 8/15*3*10. Let h = -6 + f. Suppose 6*k - h*k = -100. What is the units digit of k?
5
Let b = -114 + 459. What is the units digit of b?
5
Suppose n + 3694 = -5*z + 10*z, 0 = 4*n - 4. What is the hundreds digit of z?
7
Let t(q) be the second derivative of q**4/12 - q**3 + q**2 + 4*q. Let w be t(6). What is the units digit of -1*(w - (3 - -13))?
4
Suppose -10*d + 344 = -6*d + 3*j, -j - 411 = -5*d. What is the tens digit of d?
8
Let n = 23 - -2. Suppose n*d + 58 = 26*d. What is the units digit of d?
8
Let t be ((-54)/45)/(1/1055*-2). Suppose -5*f - 83 = -t. What is the units digit of f?
0
Let c(u) = 14*u + 19. Let i be c(13). Suppose 2*j - i = 4*k - 9*k, 0 = -3*j - 3*k + 279. Suppose a - j = -3*a. What is the units digit of a?
2
What is the hundreds digit of 2*((-759)/(-6) + -4)?
2
Let m be 9 + -9 + (1 - -1). Suppose -m*n + 5 = -3. Suppose -i - 4*g = -16, -n*i + g = 4*g - 90. What is the tens digit of i?
2
Let p = 176 - -35. What is the hundreds digit of p?
2
Let j be ((-32)/40)/((-1)/25). Suppose 0 = -5*f + 5, 2*f + j = 4*v - 2. What is the units digit of v?
6
Let j be 1/((-16)/5 + 3). Let n = 7 + j. Suppose -3*y + 59 = n*t, -y + 30 = 2*t + 5. What is the tens digit of y?
1
Let f(n) = n**3 - 18*n**2 + 21*n - 2. Let o = 35 - 18. Let w be f(o). Suppose -2*u - 2*b = -w, -b - 39 = -u + b. What is the tens digit of u?
3
Let g be (4 + (4 - 2 - -668))/2. Let c = -222 + g. What is the hundreds digit of c?
1
Let a(r) = -r**3 - 10*r**2 - 8*r + 21. Let w be a(-9). What is the tens digit of 1/(-3)*(-18)/w*46?
2
Suppose -35*x + 50628 = 13668. What is the tens digit of x?
5
Suppose 4*n = -j + 7103, -3*j - 2*j + 5306 = 3*n. What is the thousands digit of n?
1
Suppose -5*i - 266 = -5211. What is the hundreds digit of i?
9
Let p(c) = 64*c**2 + 94*c - 290. What is the hundreds digit of p(3)?
5
Suppose 276 = 5*x - 84. Let t = 175 - x. What is the tens digit of t?
0
Let u(q) be the second derivative of q**4/12 - 3*q**3/2 + 4*q**2 + 2*q. Suppose 0 = -2*l + f + 22, -2*l - 2*f = f - 6. What is the units digit of u(l)?
8
What is the tens digit of (-13090)/(-8) + (-7)/28 + 0?
3
Suppose -5*r - 66 = -86. Suppose -3*q + 107 = 5*j - 46, 2*q = r*j + 124. What is the units digit of q?
6
What is the tens digit of (2/5)/((-13)/(-26260))?
0
Suppose 0*u + u = -2. Let h = u + 6. Suppose -3*l - 7*m + 2*m = -77, l - h*m = 54. What is the tens digit of l?
3
Suppose -5*j = -2*w - 2*w - 1329, -2*j - 4*w + 526 = 0. What is the hundreds digit of j?
2
Let f = 117 - 110. Suppose -f*k - k + 1032 = 0. What is the hundreds digit of k?
1
Let v be ((-9)/12)/((-5)/20). Suppose v*b = -b + 328. Suppose -b = -2*k + 42. What is the tens digit of k?
6
Let b(v) = 3*v**2 + 3*v. Let w(t) = -10*t**2 - 8*t. Let n(s) = -8*b(s) - 3*w(s). Suppose -3*a = -1 - 2. What is the units digit of n(a)?
6
Let g be 1/((5/(-2))/(-5)). Let y(q) = q**3 + 2 + q + 0*q**3 + 0 + 3*q**g - 6*q. What is the units digit of y(-4)?
6
Let k be (1 - -6)*(-48)/(-56). Suppose 0 = 5*f - k - 9. Suppose -f = -2*z + 7. What is the units digit of z?
5
Let d = 977 - 3. What is the tens digit of d?
7
Suppose -294 - 57 = 3*j. What is the hundreds digit of (-32)/(-1)*j/(-26)?
1
Suppose -2*f - 2*f - 5*h = -11, -2*f + 3*h + 11 = 0. Suppose 10 - 50 = -f*k. What is the units digit of 454/k - 4/10?
5
Let l = -467 - -738. Suppose 435 = 5*y - 5*t, -2*y + l = y + 2*t. What is the tens digit of y?
8
Let i(p) = 26*p**2 - 19*p + 68. What is the hundreds digit of i(10)?
4
Let d = 286 - -281. What is the hundreds digit of d?
5
Let t(b) = b**2 + 5*b + 4. Let c be t(-4). Suppose 0 = x - 3*s + 12, -2*x + s + 0*s - 9 = c. What is the tens digit of (x + 38)/(0 - -1)?
3
Let c(n) = 150*n**3 - n**2 + 3*n - 2. Let j be c(1). Suppose j = 7*g - 46. Suppose -3*t = -232 + g. What is the tens digit of t?
6
Let z be 4/(-2) - (-2 - 2). Suppose -z*u = -101 - 117. What is the hundreds digit of u?
1
Suppose -3*u + 3*b + 8835 = 0, 5*u - 2*b - 8836 = 2*u. What is the units digit of u?
6
Suppose -2670 = -8*r + 2*r. What is the tens digit of r?
4
What is the hundreds digit of (-12)/114 - ((-77412)/(-57))/(-1)?
3
Let b(y) = 13*y**2 + 2*y + 1. Suppose 4*o + 24 = -4*p, o + p - 3*p - 9 = 0. What is the tens digit of b(o)?
1
Suppose 0 = -4*g - 0*k - k + 14255, g + 4*k - 3575 = 0. What is the hundreds digit of g?
5
Suppose -42 = -3*j + 183. Suppose -2*y - 3*t = -154, 0 = y - 4*t + 6*t - j. What is the tens digit of y?
8
Let p(o) = o**2 - 5*o - 11. Let u be p(7). Suppose -2*n - 1 = 3, -u*b - n = -55. What is the units digit of b?
9
Let y be (-1)/1 - 1 - 2. Let b(u) = -11*u + 8. What is the units digit of b(y)?
2
Let v = -94 + 68. Let q = -5 - v. What is the tens digit of q?
2
Let a be (-2)/6 + (-5956)/(-12). Suppose 11*c + a = 15*c. What is the hundreds digit of c?
1
Let k(j) = 2*j**3 - 2*j**2 - 4*j + 6. Let c be k(2). Suppose 0 = 3*r - c - 3. What is the units digit of r?
3
Let p = 3406 + -1043. What is the thousands digit of p?
2
Suppose -y = 2*n - 616, 2*n + 2*n + y - 1228 = 0. What is the units digit of (n - -4)*2/4?
5
Suppose -2*i - j + 1 = -1, 3*j - 6 = -2*i. Suppose -s + 0*s - 5*x + 5 = 0, 1 = -x. Suppose 4*a - s - 50 = i. What is the units digit of a?
5
Let u be (4 + (1 - 0))*(-8)/(-10). Suppose 3*f + 2*s + 39 = u*f, -2*f + 74 = -5*s. What is the units digit of f?
7
What is the tens digit of ((-1064 + -2 + -3)/(-1))/1?
6
Suppose 4*l + 4*c - 7336 = 0, 4*c + 5531 = 3*l + 57. What is the thousands digit of l?
1
Let p(w) = -3*w + 18. Let n be p(-9). Let z = n + -41. What is the tens digit of 5*z/20 - -17?
1
Suppose 8 = 2*q, -5 = -j + 2*q + 151. Let o = -104 + j. What is the units digit of o?
0
Let j = 136 - 48. What is the tens digit of j?
8
Let k(q) = -3*q + 19. Let r(j) = -9*j + 56. Let n(t) = 8*k(t) - 3*r(t). What is the units digit of n(12)?
0
Let j(m) = -m**3 - 14*m**2 - 3*m - 124. What is the units digit of j(-17)?
4
Let c(f) = 12*f**2. Let z(p) = -p + 2. Let j be z(0). What is the units digit of c(j)?
8
Suppose -4*h - 2*z - 20 = 2*z, 2*z + 6 = -h. Let s be 25 - (2 - (1 - h)). What is the units digit of s - 3/6*-2?
9
Suppose -2*i = -3*y - 818, 2*y - 5*y = 12. What is the hundreds digit of i?
4
Let i = 25 + -22. Suppose -2*y - 66 = 4*b, -2*b + 2*y = i*b + 60. Let c(g) = -g - 3. What is the units digit of c(b)?
1
Let f = 39 - 35. What is the tens digit of 1 + f/(12/93)?
3
Let m = -724 + 1052. Suppose -4*o = -4*r - 112 + m, -122 = -2*r - 5*o. Suppose -12*f + r = -8*f. What is the units digit of f?
4
Let x(f) = 4*f - 40. Let j be 127/9 + 20/(-180). What is the units digit of x(j)?
6
Let y(t) be the third derivative of -t**6/120 + t**5/60 + 11*t**3/3 - t**2. Suppose 11*i = 7*i. What is the units digit of y(i)?
2
Let m be 20/((15/(-10))/(-3)). Suppose 0 = -3*h + m + 5. What is t